{"id":2,"date":"2016-05-10T03:48:21","date_gmt":"2016-05-10T03:48:21","guid":{"rendered":"http:\/\/amrumferien-gaumert.de\/?page_id=2"},"modified":"2024-05-17T07:52:12","modified_gmt":"2024-05-17T07:52:12","slug":"sample-page","status":"publish","type":"page","link":"https:\/\/amrumferien-gaumert.de\/","title":{"rendered":"Startseite"},"content":{"rendered":"<p>[et_pb_section fb_built=&#8220;1&#8243; fullwidth=&#8220;on&#8220; _builder_version=&#8220;4.16&#8243; global_colors_info=&#8220;{}&#8220;][et_pb_fullwidth_image src=&#8220;http:\/\/amrumferien-gaumert.de\/wp-content\/uploads\/2019\/05\/headderneu.jpg&#8220; _builder_version=&#8220;4.16&#8243; global_colors_info=&#8220;{}&#8220;][\/et_pb_fullwidth_image][\/et_pb_section][et_pb_section fb_built=&#8220;1&#8243; fullwidth=&#8220;on&#8220; _builder_version=&#8220;4.16&#8243; global_colors_info=&#8220;{}&#8220;][et_pb_fullwidth_slider _builder_version=&#8220;4.23.4&#8243; animation_style=&#8220;fade&#8220; auto=&#8220;on&#8220; auto_speed=&#8220;5000&#8243; auto_ignore_hover=&#8220;on&#8220; hover_enabled=&#8220;0&#8243; global_colors_info=&#8220;{}&#8220; min_height=&#8220;485px&#8220; sticky_enabled=&#8220;0&#8243;][et_pb_slide _builder_version=&#8220;4.16&#8243; background_image=&#8220;http:\/\/amrumferien-gaumert.de\/wp-content\/uploads\/2019\/05\/Hausansicht-3.jpg&#8220; global_colors_info=&#8220;{}&#8220; sticky_transition=&#8220;on&#8220;][\/et_pb_slide][et_pb_slide _builder_version=&#8220;4.16&#8243; background_image=&#8220;http:\/\/amrumferien-gaumert.de\/wp-content\/uploads\/2019\/05\/Eingang-zum-Knurrhahn.jpg&#8220; global_colors_info=&#8220;{}&#8220; sticky_transition=&#8220;on&#8220;][\/et_pb_slide][et_pb_slide _builder_version=&#8220;4.16&#8243; background_image=&#8220;http:\/\/amrumferien-gaumert.de\/wp-content\/uploads\/2019\/04\/Terrasse-am-Haus-2.jpg&#8220; global_colors_info=&#8220;{}&#8220; sticky_transition=&#8220;on&#8220;][\/et_pb_slide][et_pb_slide _builder_version=&#8220;4.16&#8243; background_image=&#8220;http:\/\/amrumferien-gaumert.de\/wp-content\/uploads\/2019\/04\/Terrasse-am-Haus.jpg&#8220; global_colors_info=&#8220;{}&#8220; sticky_transition=&#8220;on&#8220;][\/et_pb_slide][et_pb_slide _builder_version=&#8220;4.16&#8243; background_image=&#8220;http:\/\/amrumferien-gaumert.de\/wp-content\/uploads\/2019\/04\/Es-stroemt-zum-Strand.jpg&#8220; global_colors_info=&#8220;{}&#8220; sticky_transition=&#8220;on&#8220;][\/et_pb_slide][et_pb_slide _builder_version=&#8220;4.16&#8243; background_image=&#8220;http:\/\/amrumferien-gaumert.de\/wp-content\/uploads\/2019\/04\/Strandleben-am-Norddorfer-Strand.jpg&#8220; global_colors_info=&#8220;{}&#8220; sticky_transition=&#8220;on&#8220;][\/et_pb_slide][et_pb_slide _builder_version=&#8220;4.16&#8243; background_image=&#8220;http:\/\/amrumferien-gaumert.de\/wp-content\/uploads\/2019\/04\/Strand-Abendstimmung-Winter.jpg&#8220; global_colors_info=&#8220;{}&#8220; sticky_transition=&#8220;on&#8220;][\/et_pb_slide][et_pb_slide _builder_version=&#8220;4.16&#8243; background_image=&#8220;http:\/\/amrumferien-gaumert.de\/wp-content\/uploads\/2019\/04\/Strandkorbimpression.jpg&#8220; global_colors_info=&#8220;{}&#8220; sticky_transition=&#8220;on&#8220;][\/et_pb_slide][et_pb_slide _builder_version=&#8220;4.16&#8243; background_image=&#8220;http:\/\/amrumferien-gaumert.de\/wp-content\/uploads\/2019\/05\/20190417_201957.jpg&#8220; global_colors_info=&#8220;{}&#8220; sticky_transition=&#8220;on&#8220;][\/et_pb_slide][\/et_pb_fullwidth_slider][\/et_pb_section][et_pb_section fb_built=&#8220;1&#8243; _builder_version=&#8220;4.16&#8243; custom_padding=&#8220;1px|||||&#8220; global_colors_info=&#8220;{}&#8220;][et_pb_row _builder_version=&#8220;4.16&#8243; background_size=&#8220;initial&#8220; background_position=&#8220;top_left&#8220; background_repeat=&#8220;repeat&#8220; global_colors_info=&#8220;{}&#8220;][et_pb_column type=&#8220;4_4&#8243; _builder_version=&#8220;4.16&#8243; custom_padding=&#8220;|||&#8220; global_colors_info=&#8220;{}&#8220; custom_padding__hover=&#8220;|||&#8220;][et_pb_text _builder_version=&#8220;4.16&#8243; background_size=&#8220;initial&#8220; background_position=&#8220;top_left&#8220; background_repeat=&#8220;repeat&#8220; custom_padding=&#8220;0px|||||&#8220; global_colors_info=&#8220;{}&#8220;]<\/p>\n<h3>Herzlich Willkommen auf unserer Webseite \u201aZum Knurrhahn\u2018<\/h3>\n<p>Unsere vom DTV mit 4 Sternen klassifizierte Ferienwohnung unter Reet liegt eingebettet in einer gro\u00dfz\u00fcgigen Gartenanlage mit eigener Terrasse und eigenem Strandkorb. Eine hochwertige, komfortable Ausstattung sowie eine ansprechende Einrichtung bieten Ihnen einen Ort zum Wohlf\u00fchlen, Entspannen und Genie\u00dfen.<\/p>\n<p>Amrum ist eine Bade- und Urlaubsinsel von besonderer G\u00fcte, die inmitten der einzigartigen Wattenmeer-Landschaft liegt. Spektakul\u00e4r sind der Sandstrand (Kniepsand) und die D\u00fcnenlandschaft,<span>\u00a0 <\/span>an die sich der gr\u00f6\u00dfte Wald aller nordfriesischen Inseln anschlie\u00dft. Hier finden Sie auch windgesch\u00fctzte Rad- und Wanderwege. Auf Amrum erleben Sie einmalige Naturschauspiele im Wechsel von Ebbe und Flut sowie der Jahreszeiten. Verw\u00f6hnen Sie Ihre Sinne bei Licht, Wind und Wellen \u2013 und sp\u00fcren Sie Ihre F\u00fc\u00dfe bei einer Wattwanderung auf dem Meeresboden zur Nachbarinsel F\u00f6hr.<\/p>\n<p>[\/et_pb_text][\/et_pb_column][\/et_pb_row][\/et_pb_section]<\/p>\n","protected":false},"excerpt":{"rendered":"<p>Herzlich Willkommen auf unserer Webseite \u201aZum Knurrhahn\u2018 Unsere vom DTV mit 4 Sternen klassifizierte Ferienwohnung unter Reet liegt eingebettet in einer gro\u00dfz\u00fcgigen Gartenanlage mit eigener Terrasse und eigenem Strandkorb. Eine hochwertige, komfortable Ausstattung sowie eine ansprechende Einrichtung bieten Ihnen einen Ort zum Wohlf\u00fchlen, Entspannen und Genie\u00dfen. Amrum ist eine Bade- und Urlaubsinsel von besonderer G\u00fcte, [&hellip;]<\/p>\n","protected":false},"author":1,"featured_media":0,"parent":0,"menu_order":0,"comment_status":"closed","ping_status":"open","template":"","meta":{"_et_pb_use_builder":"on","_et_pb_old_content":"This is an example page. It's different from a blog post because it will stay in one place and will show up in your site navigation (in most themes). Most people start with an About page that introduces them to potential site visitors. It might say something like this:\n<blockquote>Hi there! I'm a bike messenger by day, aspiring actor by night, and this is my website. I live in Los Angeles, have a great dog named Jack, and I like pi\u00f1a coladas. (And gettin' caught in the rain.)<\/blockquote>\n...or something like this:\n<blockquote>The XYZ Doohickey Company was founded in 1971, and has been providing quality doohickeys to the public ever since. Located in Gotham City, XYZ employs over 2,000 people and does all kinds of awesome things for the Gotham community.<\/blockquote>\nAs a new WordPress user, you should go to <a href=\"http:\/\/amrumferien-gaumert.de\/wp-admin\/\">your dashboard<\/a> to delete this page and create new pages for your content. Have fun!","_et_gb_content_width":"","footnotes":""},"class_list":["post-2","page","type-page","status-publish","hentry"],"_links":{"self":[{"href":"https:\/\/amrumferien-gaumert.de\/index.php?rest_route=\/wp\/v2\/pages\/2","targetHints":{"allow":["GET"]}}],"collection":[{"href":"https:\/\/amrumferien-gaumert.de\/index.php?rest_route=\/wp\/v2\/pages"}],"about":[{"href":"https:\/\/amrumferien-gaumert.de\/index.php?rest_route=\/wp\/v2\/types\/page"}],"author":[{"embeddable":true,"href":"https:\/\/amrumferien-gaumert.de\/index.php?rest_route=\/wp\/v2\/users\/1"}],"replies":[{"embeddable":true,"href":"https:\/\/amrumferien-gaumert.de\/index.php?rest_route=%2Fwp%2Fv2%2Fcomments&post=2"}],"version-history":[{"count":17,"href":"https:\/\/amrumferien-gaumert.de\/index.php?rest_route=\/wp\/v2\/pages\/2\/revisions"}],"predecessor-version":[{"id":262,"href":"https:\/\/amrumferien-gaumert.de\/index.php?rest_route=\/wp\/v2\/pages\/2\/revisions\/262"}],"wp:attachment":[{"href":"https:\/\/amrumferien-gaumert.de\/index.php?rest_route=%2Fwp%2Fv2%2Fmedia&parent=2"}],"curies":[{"name":"wp","href":"https:\/\/api.w.org\/{rel}","templated":true}]}}